8 a multiple of 8?
False
Does 13 divide 172371?
False
Does 708 divide 219660?
False
Does 11 divide 11760897?
False
Is 3 a factor of 242327?
False
Does 17 divide 413607?
False
Does 68 divide 1686003?
False
Is 377 a factor of 530439?
True
Is 51 a factor of 12312?
False
Is 5934846 a multiple of 21?
False
Is 209457 a multiple of 607?
False
Is 61 a factor of 3460?
False
Is 261166 a multiple of 79?
False
Is 27458622 a multiple of 93?
True
Does 11 divide 5837215?
False
Does 471 divide 46629?
True
Is 324 a factor of 4923504?
True
Is 136125 a multiple of 165?
True
Is 2187897 a multiple of 19?
False
Is 2428864 a multiple of 17?
False
Is 31 a factor of 4254099?
True
Is 5162280 a multiple of 365?
False
Does 4 divide 338052?
True
Does 29 divide 6110097?
True
Does 9 divide 1495558?
False
Is 164712 a multiple of 90?
False
Is 1103112 a multiple of 20?
False
Is 14 a factor of 25148830?
True
Is 7 a factor of 78456?
True
Does 62 divide 372682?
True
Is 626 a factor of 315504?
True
Is 27 a factor of 94410?
False
Is 130637 a multiple of 10?
False
Is 301 a factor of 11793680?
False
Is 934 a factor of 2975724?
True
Does 9 divide 558?
True
Is 1163155 a multiple of 35?
True
Does 78 divide 1991595?
False
Is 62 a factor of 150765?
False
Is 10734146 a multiple of 22?
False
Is 73692 a multiple of 46?
True
Is 44172 a multiple of 79?
False
Is 15 a factor of 50945?
False
Does 2 divide 6841?
False
Does 36 divide 79936?
False
Does 8 divide 10926?
False
Is 44003 a multiple of 55?
False
Is 51672 a multiple of 6?
True
Is 4204592 a multiple of 901?
False
Is 39 a factor of 685269?
True
Does 74 divide 5675370?
False
Is 8811758 a multiple of 185?
False
Is 6353632 a multiple of 844?
True
Is 4748869 a multiple of 9?
False
Is 18 a factor of 1268?
False
Does 166 divide 793978?
True
Is 387 a factor of 207432?
True
Is 59 a factor of 1193420?
False
Is 3 a factor of 371237?
False
Is 2 a factor of 68012?
True
Does 49 divide 77469?
True
Does 319 divide 7018?
True
Is 1470288 a multiple of 12?
True
Is 331592 a multiple of 16?
False
Does 19 divide 76890?
False
Does 11 divide 34111?
True
Is 40 a factor of 29249769?
False
Is 332000 a multiple of 83?
True
Does 57 divide 309453?
True
Is 7433229 a multiple of 481?
False
Is 197054 a multiple of 54?
False
Is 61611 a multiple of 12?
False
Is 5 a factor of 21590?
True
Does 16 divide 333904?
True
Is 2456995 a multiple of 4?
False
Does 551 divide 692039?
False
Is 234 a factor of 112788?
True
Does 592 divide 146816?
True
Does 14 divide 10219543?
False
Does 520 divide 1189240?
True
Is 346 a factor of 365112?
False
Does 2 divide 60534?
True
Is 32 a factor of 350816?
True
Is 512 a factor of 3406080?
False
Is 155433 a multiple of 197?
True
Is 1413756 a multiple of 227?
True
Is 73969 a multiple of 28?
False
Is 11938 a multiple of 254?
True
Does 3 divide 100641?
True
Is 2185267 a multiple of 88?
False
Is 21 a factor of 178374?
True
Is 12 a factor of 14132864?
False
Does 1072 divide 14271536?
True
Is 5 a factor of 95134?
False
Is 2034470 a multiple of 10?
True
Is 65302 a multiple of 206?
True
Is 42768 a multiple of 16?
True
Is 2365 a multiple of 22?
False
Is 5625270 a multiple of 18?
True
Is 89821 a multiple of 37?
False
Does 14 divide 10164?
True
Does 48 divide 536129?
False
Is 1701435 a multiple of 31?
True
Does 113 divide 219660?
False
Is 11 a factor of 87329?
True
Is 29 a factor of 18511232?
False
Does 12 divide 5729387?
False
Is 29780 a multiple of 5?
True
Does 3 divide 4924802?
False
Is 5 a factor of 143665?
True
Is 28703 a multiple of 270?
False
Does 399 divide 2439087?
True
Does 22 divide 500938?
False
Is 167 a factor of 647292?
True
Is 371925 a multiple of 145?
True
Is 3 a factor of 133550?
False
Does 10 divide 1141338?
False
Is 529785 a multiple of 2?
False
Is 1212763 a multiple of 16?
False
Does 26 divide 635665?
False
Is 1855692 a multiple of 38?
True
Is 1534523 a multiple of 22?
False
Is 271984 a multiple of 62?
False
Is 2075018 a multiple of 11?
True
Does 32 divide 2241280?
True
Is 197 a factor of 460015?
False
Does 8 divide 480104?
True
Does 70 divide 8982727?
False
Is 8800 a multiple of 20?
True
Does 87 divide 898207?
False
Is 1794725 a multiple of 8?
False
Is 12 a factor of 227532?
True
Does 13 divide 867360?
True
Is 17 a factor of 6482151?
True
Does 140 divide 644804?
False
Does 20 divide 63066?
False
Is 145664 a multiple of 8?
True
Is 20 a factor of 82592?
False
Does 195 divide 356573?
False
Does 156 divide 364260?
True
Is 20340 a multiple of 6?
True
Does 93 divide 21667?
False
Does 255 divide 1049886?
False
Does 18 divide 9476?
False
Does 57 divide 492423?
True
Does 149 divide 340148?
False
Is 119 a factor of 3330453?
True
Is 1389867 a multiple of 24?
False
Does 10 divide 2001315?
False
Does 16 divide 25312?
True
Is 232400 a multiple of 211?
False
Is 92448 a multiple of 27?
True
Is 259 a factor of 2239314?
True
Does 27 divide 69510?
False
Is 35 a factor of 785244?
False
Is 412 a factor of 669789?
False
Is 60 a factor of 3360?
True
Does 25 divide 19701?
False
Is 268879 a multiple of 12?
False
Does 44 divide 1941284?
False
Is 5 a factor of 380179?
False
Is 227810 a multiple of 5?
True
Is 10743231 a multiple of 69?
True
Does 11 divide 1069420?
True
Is 3249 even?
False
Does 191 divide 579723?
False
Is 744898 a multiple of 534?
False
Does 26 divide 3682692?
True
Does 466 divide 11457154?
False
Is 192838 a multiple of 405?
False
Is 27 a factor of 121056?
False
Is 7520 a multiple of 4?
True
Is 2838879 a multiple of 299?
False
Is 16485600 a multiple of 80?
True
Is 140 a factor of 264320?
True
Is 3 a factor of 418937?
False
Does 162 divide 10031688?
True
Does 144 divide 4324176?
True
Is 843 a factor of 1318673?
False
Is 16408668 a multiple of 71?
True
Does 139 divide 125205?
False
Is 18 a factor of 4107800?
False
Does 467 divide 9533937?
False
Is 1315011 a multiple of 681?
True
Is 17354466 a multiple of 471?
True
Does 71 divide 1185345?
True
Does 5 divide 1355415?
True
Is 576087 a multiple of 6?
False
Does 219 divide 165783?
True
Is 103428 a multiple of 468?
True
Is 106330 a multiple of 35?
True
Is 144513 a multiple of 88?
False
Is 33 a factor of 14933183?
False
Does 242 divide 199095?
False
Is 17722 a multiple of 2?
True
Is 343755 a multiple of 8?
False
Is 1538280 a multiple of 90?
True
Does 51 divide 7876194?
False
Does 26 divide 954446?
False
Is 52 a factor of 6612436?
False
Is 37 a factor of 13209?
True
Is 598276 a multiple of 161?
True
Is 19536 a multiple of 74?
True
Does 63 divide 1329678?
True
Does 107 divide 8855962?
True
Is 8 a factor of 3062066?
False
Is 314288 a multiple of 16?
True
Is 3563864 a multiple of 218?
True
Does 38 divide 761368?
True
Does 276 divide 314903?
False
Does 7 divide 998046?
True
Does 4 divide 493879?
False
Is 692168 a multiple of 62?
True
Is 7782100 a multiple of 1180?
True
Is 5 a factor of 422913?
False
Is 12 a factor of 238879?
False
Is 115 a factor of 466555?
True
Is 90 a factor of 64562?
False
Is 150 a factor of 1325700?
True
Does 60 divide 154820?
False
Does 13 divide 117871?
True
Is 269 a factor of 858597?
False
Is 4565 a multiple of 2?
False
Does 61 divide 373625?
True
Is 107 a factor of 148730?
True
Is 71 a factor of 4583614?
False
Does 38 divide 117757?
False
Is 68 a factor of 524892?
True
Is 1166955 a multiple of 3?
True
Does 84 divide 885509?
False
Is 1790362 a multiple of 98?
True
Is 27 a factor of 89856?
True
Is 1196 a multiple of 76?
False
Is 75 a factor of 6300?
True
Does 248 divide 4987140?
False
Does 15 divide 81045?
True
Does 8 divide 5950720?
True
Is 11 a factor of 2522236?
False
Does 540 divide 2533680?
True
Does 159 divide 64185?
False
Is 251476 a multiple of 91?
False
Is 10 a factor of 316330?
True
Does 341 divide 99266?
False
Is 1392387 a multiple of 210?
False
Does 21 divide 46599?
True
Is 13 a factor of 482560?
True
Is 182184 a multiple of 24?
True
Is 29 a factor of 29725?
True
Is 55278 a multiple of 126?
False
Is 5 a factor of 3237057?
False
Is 116368 a multiple of 360?
False
Is 6020 a multiple of 140?
True
Is 4 a factor of 7851604?
True
Is 101925 a multiple of 135?
True
Is 8 a factor of 49376?
True
Is 168609 a multiple of 111?
True
Is 33364 a multiple of 2?
True
Is 238832 a multiple of 214?
False
Is 295307 a multiple of 51?
False
Does 4 divide 18040?
True
Does 31 divide 220546?
False
Is 5168